rime factors of 16 + 1 + (6 - l).
17
Let v = -8 + 12. Let b(i) = 2*i**2 + 4*i - 3. What are the prime factors of b(v)?
3, 5
What are the prime factors of 14 + -16 + 8*1 + 442?
2, 7
Let l(z) = z**2 + 13 - 4*z + 7*z**2 - 7*z**2. List the prime factors of l(6).
5
Let g(c) = c + 16. Let p be g(-12). Suppose p = -0*o + 2*o. Suppose -o*k = -25 - 13. List the prime factors of k.
19
Suppose -30939 = -31*u + 78057. List the prime factors of u.
2, 3, 293
Let a(v) = 3*v**2 + 37*v + 420. What are the prime factors of a(-26)?
2, 743
Let y(l) = -137*l + 44. List the prime factors of y(-1).
181
What are the prime factors of (-25)/15 + 1598/3?
3, 59
Suppose 8 = -4*l - 4*g, 2*g = -3*l - l - 12. What are the prime factors of (-731)/l + 1 - 15/20?
3, 61
Let p(m) = m**3 - 7*m**2 + 6*m - 13. Let u be p(6). List the prime factors of 439/4 - (13/4)/u.
2, 5, 11
Let i(z) be the first derivative of -z**4/4 - 8*z**3/3 - 2*z**2 - 9*z - 10. Let v be (-6)/21 + (-108)/14. What are the prime factors of i(v)?
23
Let c = -139 - -204. List the prime factors of (-4 + -5 + 10)*1*c.
5, 13
Suppose -6*v - v + 2352 = 0. Suppose -v - 66 = -6*n. List the prime factors of n.
67
Let q = 3892 + 63. List the prime factors of q.
5, 7, 113
Let x(b) = -2*b**2 + 16*b - 9. Let q be x(6). What are the prime factors of 3 - ((-125)/q)/((-2)/(-6))?
2, 7
What are the prime factors of (4/((-40)/45) + 3)*-788?
2, 3, 197
Suppose 0 = 2*r + 4*q - 270, -3*r + 5*q = -377 - 39. Let s = -60 + r. List the prime factors of s.
7, 11
Suppose 42 = 5*r + 3*l, -2*l - 16 = -r - 3*r. Let s be (-358)/r + 4/6. Let j = s - -103. List the prime factors of j.
2, 11
Let t = -14 - -15. Let d be (-3)/((-2)/2)*t. Suppose v - 90 - 27 = -5*h, -d*h + 4*v + 61 = 0. List the prime factors of h.
23
Let b(k) be the second derivative of -k**3/2 - 5*k**2/2 + 3*k. Suppose -2*t - 3*y - 2*y = -2, 5*y = 5*t + 30. What are the prime factors of b(t)?
7
Let x = 283 - -643. What are the prime factors of x?
2, 463
Let d(x) = -x**2 - 47*x - 94. What are the prime factors of d(-35)?
2, 163
Let p(l) = -7*l + 16. Suppose 13 = -5*d - 12. What are the prime factors of p(d)?
3, 17
Let m(b) = b - 48. Let i be m(18). List the prime factors of (304/6)/((i/(-9))/5).
2, 19
Suppose -3*a = -3*n + 7 - 25, -2*n - 10 = -a. List the prime factors of a/((-2)/12*(-6)/8).
2
Suppose 3*r + 1596 = 4*b - r, 4*b + 2*r = 1572. Suppose -b = -f - 4*f. What are the prime factors of f?
79
Let j(f) = -2*f**3 - 27*f**2 - 21*f + 12. Let b(s) = s**3 + 13*s**2 + 10*s - 6. Let d(z) = -13*b(z) - 6*j(z). List the prime factors of d(-8).
2, 3, 17
Suppose 3*a - 387 + 72 = 0. Let y be (-13)/(4/(-14) - 221/(-455)). Let n = y + a. List the prime factors of n.
2, 5
Suppose z - 652 = -3*q, 3*z + 0*z - 2012 = 5*q. What are the prime factors of z?
2, 83
Let p(o) = o**3 - 8*o**2 - 22*o + 22. Let r be p(10). Suppose r*x - 101 - 47 = 0. What are the prime factors of x?
2, 37
List the prime factors of (-5)/3*(-393 - -27) - 0.
2, 5, 61
Suppose 0 = -3*m - 0*m - 6. Let w be (-16)/m - (2 - 5). Suppose d - w = 4. List the prime factors of d.
3, 5
Let w = 643 + -445. List the prime factors of w.
2, 3, 11
Suppose 0 = -5*c + 894 + 106. Let q = c + -25. List the prime factors of q.
5, 7
Let u = -33 - -10. Let s = 7 - u. Suppose -s*x - 256 = -34*x. List the prime factors of x.
2
Let v(m) = 10*m + 459. What are the prime factors of v(7)?
23
Let y be (2/(-6))/(2/318). Let z = y + 104. List the prime factors of z.
3, 17
Let f(h) be the third derivative of h**6/120 + h**5/3 - 23*h**4/24 + 8*h**3/3 - 3*h**2. List the prime factors of f(-21).
2, 29
Suppose 56 = z + 3*g - 14, -3*g = 3*z - 198. Let w = z - 49. What are the prime factors of w?
3, 5
Let c(q) = -64*q + 12. What are the prime factors of c(-7)?
2, 5, 23
Let y(k) = 6*k + 100. Let b(l) = -l - 20. Let z(r) = -11*b(r) - 2*y(r). Let t be z(15). Suppose 7 = t*v - 3. List the prime factors of v.
2
Suppose 3*d + 583 = 4*g + 1569, -1010 = -3*d - 2*g. List the prime factors of d.
2, 167
Suppose -7*x + 15 = -2*x. Suppose x*j + 4*f = 186, -5*f + 126 = 3*j - 57. List the prime factors of j.
2, 3, 11
Suppose -3*a = 2*a - 35. Let i(o) = 3*o + 5. What are the prime factors of i(a)?
2, 13
Suppose 2*u + 3*a = -2*u + 5590, 2*u - 2*a = 2788. What are the prime factors of u?
2, 349
Let i(m) = m**2 + 8*m + 4. Let j be i(-8). Let l be (-3)/(0 + 3) - -5. Suppose -2*t - 12 = -2*r, l*r = 2*t - j*t. What are the prime factors of r?
2
Let a(u) be the third derivative of 1/24*u**4 - u**2 + 0*u + 1/60*u**5 - 7/6*u**3 + 0. What are the prime factors of a(-5)?
13
Let k be 30/180 - (-65)/6. Suppose 0 = k*d - 1521 - 525. What are the prime factors of d?
2, 3, 31
Let z(g) = -81*g - 618. List the prime factors of z(-21).
3, 19
Suppose 0 = -2*m - m + 81. Let z = m + 6. What are the prime factors of z?
3, 11
List the prime factors of (-492891)/(-105) + (-3)/15.
2, 2347
Let t(d) = -879*d - 35. What are the prime factors of t(-3)?
2, 1301
List the prime factors of 27/(-54) - (-6675)/2.
47, 71
Let h(j) = -j**3 - 13*j**2 + 44. List the prime factors of h(-13).
2, 11
Let d = 310 - 307. Let v(z) = z**2 - 2*z + 0*z**3 - z + 5 + z**3. List the prime factors of v(d).
2
Let o(z) = -14*z + 39. Let q be 12/(-20) + (-329)/35. List the prime factors of o(q).
179
Let d(b) = -180*b + 7. Let h be d(-1). Let r = -101 + h. List the prime factors of r.
2, 43
Suppose 4*w = -2*n + 496, -6*w + 4*w = 0. Suppose 3*q - 439 = n. List the prime factors of q.
229
What are the prime factors of 17/((-17)/6) - (-4305 - 0)?
3, 1433
Let u(z) = 0*z**2 + z**3 + z + 4*z**2 - 2*z**3 - 5*z - 5. Let c be u(4). What are the prime factors of (-582)/c - 2/(-7)?
2, 7
Let g(c) be the first derivative of -c**4/4 - 11*c**3/3 - 6*c**2 + 9*c + 8. Let o be g(-12). Suppose 69 - o = -4*x. What are the prime factors of x?
3, 19
Suppose 33616 = 109*i - 65*i. What are the prime factors of i?
2, 191
Let l = -18 - -20. Suppose 0 = -5*u - 4*s - 30, -3*u - l*s - 20 = 2*u. List the prime factors of (-3)/(u*6/136).
2, 17
Suppose -3*k - 3944 = -20*k. List the prime factors of k.
2, 29
Suppose -2*u + 31 = -3*b + 7, -2*b = -4*u + 56. Suppose u = -5*h - 25. List the prime factors of 205/7 + h/28.
29
Suppose -18 = -3*x - x - 3*t, 0 = x + 3*t - 9. Let n be ((-372)/9)/((-2)/x). Suppose -10 - n = -4*y. List the prime factors of y.
2, 3
What are the prime factors of (3 - (-22)/(-8))/(2/1816)?
227
Let o be 2/2 - (5 + -6). Suppose 3*x = o*x + 1. What are the prime factors of 69 - (3 + -4)/x?
2, 5, 7
Suppose 10 = -2*c, -t = 3*t + 5*c - 2439. List the prime factors of t.
2, 7, 11
Suppose m - 12 = -2*m + 3*w, m + 2*w + 11 = 0. List the prime factors of 0 + 31 - (m + -2).
2, 17
Let i = 2 - 6. Let p(b) = -b**3 - 2*b**2 - 5*b - 7. List the prime factors of p(i).
3, 5
List the prime factors of 206 - (38/(-12) + 7/42).
11, 19
Suppose 4*l - 3 - 9 = 0. Suppose -l*o = -3*m - 306, -20 - 301 = -3*o - 2*m. What are the prime factors of o?
3, 5, 7
Let g(p) = -5*p**3 - 5*p**2 + 2*p - 5. Let x be g(-5). Suppose -92 = 3*s - x. List the prime factors of s.
131
Let l = -109 + 272. What are the prime factors of l?
163
List the prime factors of (-9)/((-36)/6008) - (4 + 2).
2, 11, 17
Let o(p) = -p**3 - 3*p**2 + p. Let h be o(-2). Let s(a) = 19*a - 1. Let g(b) = -9*b + 1. Let i(v) = 5*g(v) + 2*s(v). List the prime factors of i(h).
3, 5
Suppose 12 - 2 = 3*y - q, -3*y + 4*q = -13. Suppose -b = y*v - 4, -3*v = -0*b + 3*b. Suppose 4*u - 87 = 3*f - 12, 4*u = v*f + 74. List the prime factors of u.
2, 3
Suppose -1236 - 84 = -5*f. Suppose 5*m + f = 1364. Suppose 11*r = 15*r - m. List the prime factors of r.
5, 11
Suppose 0 = 50*v - 21820 - 8080. What are the prime factors of v?
2, 13, 23
Let z = -2546 - -2874. List the prime factors of z.
2, 41
Suppose 20 = -4*p, -3*p = -3*b + b + 21. Suppose -5*z + 45 = 5*m, 0 = b*m - z + 1 - 12. Let c(k) = k**2 + k + 3. List the prime factors of c(m).
3, 11
Suppose -6 = 3*o + 3*r, -o + 3*o - 5*r = 24. Suppose -o = -u - 2*p + 11, -3*u = -5*p - 83. What are the prime factors of u?
3, 7
Let j(q) = 128*q + 471. What are the prime factors of j(25)?
3671
Let u(m) = -1456*m - 299. List the prime factors of u(-2).
3, 13, 67
Let f = 23 + -24. Let v be -4 + 0 + 11 - f. List the prime factors of v*1/2 - -4.
2
Let z(w) = 105*w**2 + 3*w - 8. What are the prime f